{"id":758,"date":"2021-08-06T15:34:01","date_gmt":"2021-08-06T13:34:01","guid":{"rendered":"https:\/\/misiuro.eu\/?page_id=758"},"modified":"2021-08-06T15:35:36","modified_gmt":"2021-08-06T13:35:36","slug":"e-deklaracje","status":"publish","type":"page","link":"https:\/\/misiuro.eu\/?page_id=758","title":{"rendered":"e-DEKLARACJE"},"content":{"rendered":"\t\t<div data-elementor-type=\"wp-page\" data-elementor-id=\"758\" class=\"elementor elementor-758\">\n\t\t\t\t\t\t<section class=\"elementor-section elementor-top-section elementor-element elementor-element-ee5dea1 elementor-section-boxed elementor-section-height-default elementor-section-height-default\" data-id=\"ee5dea1\" data-element_type=\"section\">\n\t\t\t\t\t\t<div class=\"elementor-container elementor-column-gap-default\">\n\t\t\t\t\t<div class=\"elementor-column elementor-col-100 elementor-top-column elementor-element elementor-element-e0c7e29\" data-id=\"e0c7e29\" data-element_type=\"column\">\n\t\t\t<div class=\"elementor-widget-wrap elementor-element-populated\">\n\t\t\t\t\t\t<div class=\"elementor-element elementor-element-4741a7a elementor-widget elementor-widget-text-editor\" data-id=\"4741a7a\" data-element_type=\"widget\" data-widget_type=\"text-editor.default\">\n\t\t\t\t<div class=\"elementor-widget-container\">\n\t\t\t\t\t\t\t\t\t<div id=\"main\" class=\"sidebar-none sidebar-divider-vertical\"><div class=\"wf-wrap\"><div class=\"wf-container-main\"><div id=\"content\" class=\"content\" role=\"main\"><div class=\"vc_row wpb_row vc_row-fluid dt-default\"><div class=\"wpb_column vc_column_container vc_col-sm-12\"><div class=\"vc_column-inner\"><div class=\"wpb_wrapper\"><div class=\"wpb_text_column wpb_content_element \"><div class=\"wpb_wrapper\"><p>Postaramy si\u0119 udzieli\u0107 kilku najwa\u017cniejszych informacji. Od 1 stycznia 2015 r. ka\u017cdy podmiot zatrudniaj\u0105cy wi\u0119cej ni\u017c pi\u0119ciu pracownik\u00f3w jest zobligowany do sk\u0142adania deklaracji PIT-11, CIT-8 oraz IFT-2 wy\u0142\u0105cznie w formie elektronicznej.<\/p><p>Do przesy\u0142ania deklaracji podatkowych bezpo\u015brednio z<a href=\"http:\/\/www.e-deklaracje.gov.pl\/\">\u00a0portalu e-deklaracje<\/a>\u00a0osoba upowa\u017cniona do sk\u0142adania e-deklaracji (z wykorzystaniem e-podpis) powinna naby\u0107 zestaw do e-podpis zawieraj\u0105cy: certyfikat kwalifikowany, kart\u0119 kryptograficzn\u0105, czytnik kart.<\/p><p>Zastanawiasz si\u0119 jak sk\u0142ada\u0107 e-deklaracje? Pami\u0119taj, \u017ce mo\u017cesz zrobi\u0107 to na kilka sposob\u00f3w. e-deklaracje i podpis elektroniczny mo\u017cesz wdro\u017cy\u0107 mi\u0119dzy innymi za pomoc\u0105:<\/p><h3><strong>Formularza interaktywnego<\/strong><\/h3><p><strong>Aby to zrobi\u0107:<\/strong><\/p><ul><li>wejd\u017a w zak\u0142adk\u0119 e-deklaracje na stronie\u00a0<a href=\"https:\/\/www.podatki.gov.pl\/e-deklaracje\/jak-zlozyc-e-deklaracje\/\">podatki.gov.pl<\/a><\/li><li>wybierz interesuj\u0105cy ci\u0119 podatek i pobierz odpowiedni formularz<\/li><li>wype\u0142nij formularz<\/li><li>podpisz go podpisem kwalifikowanym albo danymi autoryzuj\u0105cymi<\/li><li>pobierz i zachowaj Urz\u0119dowe Po\u015bwiadczenia Odbioru (UPO)<\/li><\/ul><p>Wa\u017cne, aby pami\u0119ta\u0107: e-deklaracje s\u0105 powi\u0105zane z podpis elektroniczny.<\/p><h3><strong>Modu\u0142u systemu finansowo-ksi\u0119gowego<\/strong><\/h3><p>Przy wykorzystaniu odpowiednich aplikacji (modu\u0142\u00f3w) mo\u017cesz wysy\u0142a\u0107 e-deklaracje drog\u0105 elektroniczn\u0105, bezpo\u015brednio z system\u00f3w finansowo-ksi\u0119gowych oraz automatycznie podpisa\u0107 elektronicznie wszystkie przesy\u0142ane deklaracje. Wykorzystaj e-podpis.<\/p><h4><strong>Aby to zrobi\u0107:<\/strong><\/h4><ul><li>pobierz w\u0142a\u015bciw\u0105 struktur\u0119 logiczn\u0105 z sekcji\u00a0<a href=\"https:\/\/www.podatki.gov.pl\/e-deklaracje\/dokumentacja-it\/struktury-dokumentow-xml\/\" data-udi=\"umb:\/\/document\/5ad29b24ab164af2a8f5aaf5915e6d0a\">Struktury dokument\u00f3w XML<\/a><\/li><li>wype\u0142nij i wy\u015blij dokument ze swojej aplikacji<\/li><li>pobierz i zachowaj Urz\u0119dowe Po\u015bwiadczenia Odbioru (UPO)<\/li><\/ul><h3><strong>Uniwersalnej Bramki Dokument\u00f3w (UBD)<\/strong><\/h3><p><strong>Aby to zrobi\u0107:<\/strong><\/p><ul><li>uruchom odpowiedni\u0105 aplikacj\u0119 (modu\u0142) zgodnie ze specyfikacj\u0105 Wej\u015bcia \u2013 Wyj\u015bcia\u00a0 dost\u0119pn\u0105 w zak\u0142adce \u2013\u00a0<a href=\"https:\/\/www.podatki.gov.pl\/e-deklaracje\/dokumentacja-it\/\" data-udi=\"umb:\/\/document\/cfd083a0ca52408bbad13c1c852ef851\">Dokumentacja IT<\/a><\/li><li>wype\u0142nij formularz<\/li><li>podpisz go podpisem kwalifikowanym lub danymi autoryzuj\u0105cymi<\/li><li>wy\u015blij dokument do UBD<\/li><li>pobierz i zachowaj Urz\u0119dowe Po\u015bwiadczenia Odbioru (UPO)<\/li><\/ul><p>Ka\u017cde dzia\u0142anie podczas wykorzystania e-deklaracje jest zwi\u0105zane z podpis elektroniczny.<\/p><h3><strong>Aby prawid\u0142owo wysy\u0142a\u0107 formularze, zainstaluj w systemie:<\/strong><\/h3><ol><li>Zestaw do sk\u0142adania podpisu elektronicznego (czytnik i oprogramowanie do e-podpis) \u2013 w przypadku wysy\u0142ania formularzy podpisanych kwalifikowanym podpisem elektronicznym. Pami\u0119taj, aby wykorzysta\u0107 e-podpis.<\/li><li>Program Adobe Reader dost\u0119pny nieodp\u0142atnie na\u00a0<a href=\"http:\/\/get.adobe.com\/reader\/\">stronie Adobe<\/a>. Interaktywne formularze wymagaj\u0105 co najmniej wersji 9.0.0.<\/li><li>Wtyczk\u0119 (plug-in) niezb\u0119dn\u0105 do wysy\u0142ania drog\u0105 elektroniczn\u0105 dokument\u00f3w podatkowych, wype\u0142nianych w interaktywnych formularzach w formacie PDF<\/li><\/ol><\/div><\/div><\/div><\/div><\/div><\/div><\/div><\/div><\/div><\/div><footer id=\"footer\" class=\"footer solid-bg\"><div class=\"wf-wrap\"><div class=\"wf-container-footer\"><div class=\"wf-container\"><section id=\"custom_html-3\" class=\"widget_text widget widget_custom_html wf-cell wf-1-2\"><div class=\"textwidget custom-html-widget\">\u00a0<\/div><\/section><\/div><\/div><\/div><\/footer>\t\t\t\t\t\t\t\t<\/div>\n\t\t\t\t<\/div>\n\t\t\t\t\t<\/div>\n\t\t<\/div>\n\t\t\t\t\t<\/div>\n\t\t<\/section>\n\t\t\t\t<\/div>\n\t\t","protected":false},"excerpt":{"rendered":"<p>Postaramy si\u0119 udzieli\u0107 kilku najwa\u017cniejszych informacji. Od 1 stycznia 2015 r. ka\u017cdy podmiot zatrudniaj\u0105cy wi\u0119cej ni\u017c pi\u0119ciu pracownik\u00f3w jest zobligowany do sk\u0142adania [&hellip;]<\/p>\n","protected":false},"author":1,"featured_media":0,"parent":0,"menu_order":0,"comment_status":"closed","ping_status":"closed","template":"","meta":{"footnotes":""},"class_list":["post-758","page","type-page","status-publish","hentry"],"yoast_head":"<!-- This site is optimized with the Yoast SEO plugin v24.2 - https:\/\/yoast.com\/wordpress\/plugins\/seo\/ -->\n<title>e-DEKLARACJE - Misiuro.eu<\/title>\n<meta name=\"robots\" content=\"index, follow, max-snippet:-1, max-image-preview:large, max-video-preview:-1\" \/>\n<link rel=\"canonical\" href=\"https:\/\/misiuro.eu\/?page_id=758\" \/>\n<meta property=\"og:locale\" content=\"pl_PL\" \/>\n<meta property=\"og:type\" content=\"article\" \/>\n<meta property=\"og:title\" content=\"e-DEKLARACJE - Misiuro.eu\" \/>\n<meta property=\"og:description\" content=\"Postaramy si\u0119 udzieli\u0107 kilku najwa\u017cniejszych informacji. Od 1 stycznia 2015 r. ka\u017cdy podmiot zatrudniaj\u0105cy wi\u0119cej ni\u017c pi\u0119ciu pracownik\u00f3w jest zobligowany do sk\u0142adania [&hellip;]\" \/>\n<meta property=\"og:url\" content=\"https:\/\/misiuro.eu\/?page_id=758\" \/>\n<meta property=\"og:site_name\" content=\"Misiuro.eu\" \/>\n<meta property=\"article:modified_time\" content=\"2021-08-06T13:35:36+00:00\" \/>\n<meta name=\"twitter:card\" content=\"summary_large_image\" \/>\n<meta name=\"twitter:label1\" content=\"Szacowany czas czytania\" \/>\n\t<meta name=\"twitter:data1\" content=\"2 minuty\" \/>\n<script type=\"application\/ld+json\" class=\"yoast-schema-graph\">{\"@context\":\"https:\/\/schema.org\",\"@graph\":[{\"@type\":\"WebPage\",\"@id\":\"https:\/\/misiuro.eu\/?page_id=758\",\"url\":\"https:\/\/misiuro.eu\/?page_id=758\",\"name\":\"e-DEKLARACJE - Misiuro.eu\",\"isPartOf\":{\"@id\":\"https:\/\/misiuro.eu\/#website\"},\"datePublished\":\"2021-08-06T13:34:01+00:00\",\"dateModified\":\"2021-08-06T13:35:36+00:00\",\"breadcrumb\":{\"@id\":\"https:\/\/misiuro.eu\/?page_id=758#breadcrumb\"},\"inLanguage\":\"pl-PL\",\"potentialAction\":[{\"@type\":\"ReadAction\",\"target\":[\"https:\/\/misiuro.eu\/?page_id=758\"]}]},{\"@type\":\"BreadcrumbList\",\"@id\":\"https:\/\/misiuro.eu\/?page_id=758#breadcrumb\",\"itemListElement\":[{\"@type\":\"ListItem\",\"position\":1,\"name\":\"Strona g\u0142\u00f3wna\",\"item\":\"https:\/\/misiuro.eu\/\"},{\"@type\":\"ListItem\",\"position\":2,\"name\":\"e-DEKLARACJE\"}]},{\"@type\":\"WebSite\",\"@id\":\"https:\/\/misiuro.eu\/#website\",\"url\":\"https:\/\/misiuro.eu\/\",\"name\":\"Misiuro.eu\",\"description\":\"\",\"publisher\":{\"@id\":\"https:\/\/misiuro.eu\/#\/schema\/person\/5aedc916dad396c1016c83afc91d2602\"},\"potentialAction\":[{\"@type\":\"SearchAction\",\"target\":{\"@type\":\"EntryPoint\",\"urlTemplate\":\"https:\/\/misiuro.eu\/?s={search_term_string}\"},\"query-input\":{\"@type\":\"PropertyValueSpecification\",\"valueRequired\":true,\"valueName\":\"search_term_string\"}}],\"inLanguage\":\"pl-PL\"},{\"@type\":[\"Person\",\"Organization\"],\"@id\":\"https:\/\/misiuro.eu\/#\/schema\/person\/5aedc916dad396c1016c83afc91d2602\",\"name\":\"Mihu\",\"image\":{\"@type\":\"ImageObject\",\"inLanguage\":\"pl-PL\",\"@id\":\"https:\/\/misiuro.eu\/#\/schema\/person\/image\/\",\"url\":\"https:\/\/misiuro.eu\/wp-content\/uploads\/2021\/08\/cropped-2021-08-03_14h02_24-1.png\",\"contentUrl\":\"https:\/\/misiuro.eu\/wp-content\/uploads\/2021\/08\/cropped-2021-08-03_14h02_24-1.png\",\"width\":439,\"height\":170,\"caption\":\"Mihu\"},\"logo\":{\"@id\":\"https:\/\/misiuro.eu\/#\/schema\/person\/image\/\"},\"sameAs\":[\"https:\/\/misiuro.eu\"]}]}<\/script>\n<!-- \/ Yoast SEO plugin. -->","yoast_head_json":{"title":"e-DEKLARACJE - Misiuro.eu","robots":{"index":"index","follow":"follow","max-snippet":"max-snippet:-1","max-image-preview":"max-image-preview:large","max-video-preview":"max-video-preview:-1"},"canonical":"https:\/\/misiuro.eu\/?page_id=758","og_locale":"pl_PL","og_type":"article","og_title":"e-DEKLARACJE - Misiuro.eu","og_description":"Postaramy si\u0119 udzieli\u0107 kilku najwa\u017cniejszych informacji. Od 1 stycznia 2015 r. ka\u017cdy podmiot zatrudniaj\u0105cy wi\u0119cej ni\u017c pi\u0119ciu pracownik\u00f3w jest zobligowany do sk\u0142adania [&hellip;]","og_url":"https:\/\/misiuro.eu\/?page_id=758","og_site_name":"Misiuro.eu","article_modified_time":"2021-08-06T13:35:36+00:00","twitter_card":"summary_large_image","twitter_misc":{"Szacowany czas czytania":"2 minuty"},"schema":{"@context":"https:\/\/schema.org","@graph":[{"@type":"WebPage","@id":"https:\/\/misiuro.eu\/?page_id=758","url":"https:\/\/misiuro.eu\/?page_id=758","name":"e-DEKLARACJE - Misiuro.eu","isPartOf":{"@id":"https:\/\/misiuro.eu\/#website"},"datePublished":"2021-08-06T13:34:01+00:00","dateModified":"2021-08-06T13:35:36+00:00","breadcrumb":{"@id":"https:\/\/misiuro.eu\/?page_id=758#breadcrumb"},"inLanguage":"pl-PL","potentialAction":[{"@type":"ReadAction","target":["https:\/\/misiuro.eu\/?page_id=758"]}]},{"@type":"BreadcrumbList","@id":"https:\/\/misiuro.eu\/?page_id=758#breadcrumb","itemListElement":[{"@type":"ListItem","position":1,"name":"Strona g\u0142\u00f3wna","item":"https:\/\/misiuro.eu\/"},{"@type":"ListItem","position":2,"name":"e-DEKLARACJE"}]},{"@type":"WebSite","@id":"https:\/\/misiuro.eu\/#website","url":"https:\/\/misiuro.eu\/","name":"Misiuro.eu","description":"","publisher":{"@id":"https:\/\/misiuro.eu\/#\/schema\/person\/5aedc916dad396c1016c83afc91d2602"},"potentialAction":[{"@type":"SearchAction","target":{"@type":"EntryPoint","urlTemplate":"https:\/\/misiuro.eu\/?s={search_term_string}"},"query-input":{"@type":"PropertyValueSpecification","valueRequired":true,"valueName":"search_term_string"}}],"inLanguage":"pl-PL"},{"@type":["Person","Organization"],"@id":"https:\/\/misiuro.eu\/#\/schema\/person\/5aedc916dad396c1016c83afc91d2602","name":"Mihu","image":{"@type":"ImageObject","inLanguage":"pl-PL","@id":"https:\/\/misiuro.eu\/#\/schema\/person\/image\/","url":"https:\/\/misiuro.eu\/wp-content\/uploads\/2021\/08\/cropped-2021-08-03_14h02_24-1.png","contentUrl":"https:\/\/misiuro.eu\/wp-content\/uploads\/2021\/08\/cropped-2021-08-03_14h02_24-1.png","width":439,"height":170,"caption":"Mihu"},"logo":{"@id":"https:\/\/misiuro.eu\/#\/schema\/person\/image\/"},"sameAs":["https:\/\/misiuro.eu"]}]}},"_links":{"self":[{"href":"https:\/\/misiuro.eu\/index.php?rest_route=\/wp\/v2\/pages\/758","targetHints":{"allow":["GET"]}}],"collection":[{"href":"https:\/\/misiuro.eu\/index.php?rest_route=\/wp\/v2\/pages"}],"about":[{"href":"https:\/\/misiuro.eu\/index.php?rest_route=\/wp\/v2\/types\/page"}],"author":[{"embeddable":true,"href":"https:\/\/misiuro.eu\/index.php?rest_route=\/wp\/v2\/users\/1"}],"replies":[{"embeddable":true,"href":"https:\/\/misiuro.eu\/index.php?rest_route=%2Fwp%2Fv2%2Fcomments&post=758"}],"version-history":[{"count":4,"href":"https:\/\/misiuro.eu\/index.php?rest_route=\/wp\/v2\/pages\/758\/revisions"}],"predecessor-version":[{"id":765,"href":"https:\/\/misiuro.eu\/index.php?rest_route=\/wp\/v2\/pages\/758\/revisions\/765"}],"wp:attachment":[{"href":"https:\/\/misiuro.eu\/index.php?rest_route=%2Fwp%2Fv2%2Fmedia&parent=758"}],"curies":[{"name":"wp","href":"https:\/\/api.w.org\/{rel}","templated":true}]}}