{"id":77,"date":"2021-08-04T14:48:06","date_gmt":"2021-08-04T12:48:06","guid":{"rendered":"https:\/\/misiuro.eu\/?page_id=77"},"modified":"2021-08-04T14:48:06","modified_gmt":"2021-08-04T12:48:06","slug":"podpis-elektroniczny-do-jedz","status":"publish","type":"page","link":"https:\/\/misiuro.eu\/?page_id=77","title":{"rendered":"Podpis elektroniczny do JEDZ"},"content":{"rendered":"\n<h2 class=\"wp-block-heading\">Podpis elektroniczny a Jednolity Europejski Dokument Zam\u00f3wienia<\/h2>\n\n\n\n<p class=\"has-drop-cap\">Wielu Przedsi\u0119biorc\u00f3w zastanawia si\u0119 czym jest i kogo dotyczy Jednolity Europejski Dokument Zam\u00f3wienia oraz jak ma si\u0119 do tego e-podpis do JEDZ?<br>Jednolity Dokument Europejski Zam\u00f3wienia (popularnie nazywany JEDZ) to standardowy, ujednolicony formularz dla zam\u00f3wie\u0144 publicznych, kt\u00f3rych warto\u015b\u0107 przekracza progi unijne. Progi te s\u0105 r\u00f3\u017cne w zale\u017cno\u015bci od przedmiotu zam\u00f3wienia oraz rodzaju zamawiaj\u0105cego.<\/p>\n\n\n\n<p>Wspomniane progi okre\u015blone s\u0105 w:<\/p>\n\n\n\n<ul class=\"wp-block-list\"><li>Rozporz\u0105dzeniu Ministra Rozwoju i Finans\u00f3w w sprawie kwot warto\u015bci zam\u00f3wie\u0144 oraz konkurs\u00f3w, od kt\u00f3rych jest uzale\u017cniony obowi\u0105zek przekazywania og\u0142osze\u0144 urz\u0119dowi publikacji Unii Europejskiej,<\/li><li>Rozporz\u0105dzeniu Ministra Rozwoju i Finans\u00f3w w sprawie okre\u015blenia kwot warto\u015bci um\u00f3w koncesji, od kt\u00f3rych uzale\u017cniony jest obowi\u0105zek przekazywania og\u0142osze\u0144 urz\u0119dowi publikacji Unii Europejskiej.<\/li><\/ul>\n\n\n\n<p>Udzia\u0142 w zam\u00f3wieniach publicznych wymaga przesy\u0142ania Jednolitego Europejskiego Dokumentu Zam\u00f3wienia (JEDZ) podpisanego elektronicznie z u\u017cyciem kwalifikowanego certyfikatu (podpis elektroniczny). Oznacza to konieczno\u015b\u0107 wykorzystania takiego narz\u0119dzia jak podpis elektroniczny do JEDZ. Obowi\u0105zek ten wynika z nowelizacji Prawa zam\u00f3wie\u0144 publicznych z 22 czerwca 2016 r., a obowi\u0105zuje od 18 kwietnia 2018. Wype\u0142niaj\u0105c formularz do JEDZ e-podpis b\u0119dzie nieodzownym narz\u0119dziem.<\/p>\n\n\n\n<p>Warto tak\u017ce zapozna\u0107 si\u0119 z instrukcj\u0105 sk\u0142adania dokumentu JEDZ (Jednolity Europejski Dokument Zam\u00f3wienia) z wykorzystaniem \u015brodk\u00f3w komunikacji elektronicznej w tym narz\u0119dzia takiego jak podpis elektroniczny. Szczeg\u00f3\u0142owe informacje dost\u0119pne s\u0105 na stronie&nbsp;<a href=\"https:\/\/www.uzp.gov.pl\/urzad-zamowien-publicznych\/organizacja\">Urz\u0119du Zam\u00f3wie\u0144 Publicznych<\/a>.<\/p>\n\n\n\n<p>Wyja\u015bni\u0107 nale\u017cy, \u017ce jednym z dopuszczalnych \u015brodk\u00f3w komunikacji elektronicznej s\u0142u\u017c\u0105cych sk\u0142adaniu w toku post\u0119powania o udzielenie zam\u00f3wienia publicznego o\u015bwiadczenia w formie JEDZ jest poczta elektroniczna. Oczywi\u015bcie niezb\u0119dny do tego jest podpis elektroniczny do JEDZ.<\/p>\n\n\n\n<p>Z\u0142o\u017cenie JEDZ przez wykonawc\u0119 za po\u015brednictwem poczty elektronicznej jest r\u00f3wnoznaczne z jego z\u0142o\u017ceniem przy u\u017cyciu \u015brodk\u00f3w komunikacji elektronicznej.<\/p>\n\n\n\n<p>Z\u0142o\u017cenie JEDZ wraz z ofert\u0105 na no\u015bniku danych (np. CD, pendrive) nie stanowi jego z\u0142o\u017cenia przy u\u017cyciu \u015brodk\u00f3w komunikacji elektronicznej w rozumieniu przepis\u00f3w ustawy o \u015bwiadczeniu us\u0142ug drog\u0105 elektroniczn\u0105. W \u015bwietle przepis\u00f3w JEDZ powinien by\u0107 wysy\u0142any poczt\u0105 elektroniczn\u0105 z wykorzystaniem e-podpisu.<\/p>\n","protected":false},"excerpt":{"rendered":"<p>Podpis elektroniczny a Jednolity Europejski Dokument Zam\u00f3wienia Wielu Przedsi\u0119biorc\u00f3w zastanawia si\u0119 czym jest i kogo dotyczy Jednolity Europejski Dokument Zam\u00f3wienia oraz jak [&hellip;]<\/p>\n","protected":false},"author":1,"featured_media":0,"parent":0,"menu_order":0,"comment_status":"closed","ping_status":"closed","template":"templates\/template-full-width.php","meta":{"footnotes":""},"class_list":["post-77","page","type-page","status-publish","hentry"],"yoast_head":"<!-- This site is optimized with the Yoast SEO plugin v24.2 - https:\/\/yoast.com\/wordpress\/plugins\/seo\/ -->\n<title>Podpis elektroniczny do JEDZ - Misiuro.eu<\/title>\n<meta name=\"robots\" content=\"index, follow, max-snippet:-1, max-image-preview:large, max-video-preview:-1\" \/>\n<link rel=\"canonical\" href=\"https:\/\/misiuro.eu\/?page_id=77\" \/>\n<meta property=\"og:locale\" content=\"pl_PL\" \/>\n<meta property=\"og:type\" content=\"article\" \/>\n<meta property=\"og:title\" content=\"Podpis elektroniczny do JEDZ - Misiuro.eu\" \/>\n<meta property=\"og:description\" content=\"Podpis elektroniczny a Jednolity Europejski Dokument Zam\u00f3wienia Wielu Przedsi\u0119biorc\u00f3w zastanawia si\u0119 czym jest i kogo dotyczy Jednolity Europejski Dokument Zam\u00f3wienia oraz jak [&hellip;]\" \/>\n<meta property=\"og:url\" content=\"https:\/\/misiuro.eu\/?page_id=77\" \/>\n<meta property=\"og:site_name\" content=\"Misiuro.eu\" \/>\n<meta name=\"twitter:card\" content=\"summary_large_image\" \/>\n<meta name=\"twitter:label1\" content=\"Szacowany czas czytania\" \/>\n\t<meta name=\"twitter:data1\" content=\"2 minuty\" \/>\n<script type=\"application\/ld+json\" class=\"yoast-schema-graph\">{\"@context\":\"https:\/\/schema.org\",\"@graph\":[{\"@type\":\"WebPage\",\"@id\":\"https:\/\/misiuro.eu\/?page_id=77\",\"url\":\"https:\/\/misiuro.eu\/?page_id=77\",\"name\":\"Podpis elektroniczny do JEDZ - Misiuro.eu\",\"isPartOf\":{\"@id\":\"https:\/\/misiuro.eu\/#website\"},\"datePublished\":\"2021-08-04T12:48:06+00:00\",\"dateModified\":\"2021-08-04T12:48:06+00:00\",\"breadcrumb\":{\"@id\":\"https:\/\/misiuro.eu\/?page_id=77#breadcrumb\"},\"inLanguage\":\"pl-PL\",\"potentialAction\":[{\"@type\":\"ReadAction\",\"target\":[\"https:\/\/misiuro.eu\/?page_id=77\"]}]},{\"@type\":\"BreadcrumbList\",\"@id\":\"https:\/\/misiuro.eu\/?page_id=77#breadcrumb\",\"itemListElement\":[{\"@type\":\"ListItem\",\"position\":1,\"name\":\"Strona g\u0142\u00f3wna\",\"item\":\"https:\/\/misiuro.eu\/\"},{\"@type\":\"ListItem\",\"position\":2,\"name\":\"Podpis elektroniczny do JEDZ\"}]},{\"@type\":\"WebSite\",\"@id\":\"https:\/\/misiuro.eu\/#website\",\"url\":\"https:\/\/misiuro.eu\/\",\"name\":\"Misiuro.eu\",\"description\":\"\",\"publisher\":{\"@id\":\"https:\/\/misiuro.eu\/#\/schema\/person\/5aedc916dad396c1016c83afc91d2602\"},\"potentialAction\":[{\"@type\":\"SearchAction\",\"target\":{\"@type\":\"EntryPoint\",\"urlTemplate\":\"https:\/\/misiuro.eu\/?s={search_term_string}\"},\"query-input\":{\"@type\":\"PropertyValueSpecification\",\"valueRequired\":true,\"valueName\":\"search_term_string\"}}],\"inLanguage\":\"pl-PL\"},{\"@type\":[\"Person\",\"Organization\"],\"@id\":\"https:\/\/misiuro.eu\/#\/schema\/person\/5aedc916dad396c1016c83afc91d2602\",\"name\":\"Mihu\",\"image\":{\"@type\":\"ImageObject\",\"inLanguage\":\"pl-PL\",\"@id\":\"https:\/\/misiuro.eu\/#\/schema\/person\/image\/\",\"url\":\"https:\/\/misiuro.eu\/wp-content\/uploads\/2021\/08\/cropped-2021-08-03_14h02_24-1.png\",\"contentUrl\":\"https:\/\/misiuro.eu\/wp-content\/uploads\/2021\/08\/cropped-2021-08-03_14h02_24-1.png\",\"width\":439,\"height\":170,\"caption\":\"Mihu\"},\"logo\":{\"@id\":\"https:\/\/misiuro.eu\/#\/schema\/person\/image\/\"},\"sameAs\":[\"https:\/\/misiuro.eu\"]}]}<\/script>\n<!-- \/ Yoast SEO plugin. -->","yoast_head_json":{"title":"Podpis elektroniczny do JEDZ - Misiuro.eu","robots":{"index":"index","follow":"follow","max-snippet":"max-snippet:-1","max-image-preview":"max-image-preview:large","max-video-preview":"max-video-preview:-1"},"canonical":"https:\/\/misiuro.eu\/?page_id=77","og_locale":"pl_PL","og_type":"article","og_title":"Podpis elektroniczny do JEDZ - Misiuro.eu","og_description":"Podpis elektroniczny a Jednolity Europejski Dokument Zam\u00f3wienia Wielu Przedsi\u0119biorc\u00f3w zastanawia si\u0119 czym jest i kogo dotyczy Jednolity Europejski Dokument Zam\u00f3wienia oraz jak [&hellip;]","og_url":"https:\/\/misiuro.eu\/?page_id=77","og_site_name":"Misiuro.eu","twitter_card":"summary_large_image","twitter_misc":{"Szacowany czas czytania":"2 minuty"},"schema":{"@context":"https:\/\/schema.org","@graph":[{"@type":"WebPage","@id":"https:\/\/misiuro.eu\/?page_id=77","url":"https:\/\/misiuro.eu\/?page_id=77","name":"Podpis elektroniczny do JEDZ - Misiuro.eu","isPartOf":{"@id":"https:\/\/misiuro.eu\/#website"},"datePublished":"2021-08-04T12:48:06+00:00","dateModified":"2021-08-04T12:48:06+00:00","breadcrumb":{"@id":"https:\/\/misiuro.eu\/?page_id=77#breadcrumb"},"inLanguage":"pl-PL","potentialAction":[{"@type":"ReadAction","target":["https:\/\/misiuro.eu\/?page_id=77"]}]},{"@type":"BreadcrumbList","@id":"https:\/\/misiuro.eu\/?page_id=77#breadcrumb","itemListElement":[{"@type":"ListItem","position":1,"name":"Strona g\u0142\u00f3wna","item":"https:\/\/misiuro.eu\/"},{"@type":"ListItem","position":2,"name":"Podpis elektroniczny do JEDZ"}]},{"@type":"WebSite","@id":"https:\/\/misiuro.eu\/#website","url":"https:\/\/misiuro.eu\/","name":"Misiuro.eu","description":"","publisher":{"@id":"https:\/\/misiuro.eu\/#\/schema\/person\/5aedc916dad396c1016c83afc91d2602"},"potentialAction":[{"@type":"SearchAction","target":{"@type":"EntryPoint","urlTemplate":"https:\/\/misiuro.eu\/?s={search_term_string}"},"query-input":{"@type":"PropertyValueSpecification","valueRequired":true,"valueName":"search_term_string"}}],"inLanguage":"pl-PL"},{"@type":["Person","Organization"],"@id":"https:\/\/misiuro.eu\/#\/schema\/person\/5aedc916dad396c1016c83afc91d2602","name":"Mihu","image":{"@type":"ImageObject","inLanguage":"pl-PL","@id":"https:\/\/misiuro.eu\/#\/schema\/person\/image\/","url":"https:\/\/misiuro.eu\/wp-content\/uploads\/2021\/08\/cropped-2021-08-03_14h02_24-1.png","contentUrl":"https:\/\/misiuro.eu\/wp-content\/uploads\/2021\/08\/cropped-2021-08-03_14h02_24-1.png","width":439,"height":170,"caption":"Mihu"},"logo":{"@id":"https:\/\/misiuro.eu\/#\/schema\/person\/image\/"},"sameAs":["https:\/\/misiuro.eu"]}]}},"_links":{"self":[{"href":"https:\/\/misiuro.eu\/index.php?rest_route=\/wp\/v2\/pages\/77","targetHints":{"allow":["GET"]}}],"collection":[{"href":"https:\/\/misiuro.eu\/index.php?rest_route=\/wp\/v2\/pages"}],"about":[{"href":"https:\/\/misiuro.eu\/index.php?rest_route=\/wp\/v2\/types\/page"}],"author":[{"embeddable":true,"href":"https:\/\/misiuro.eu\/index.php?rest_route=\/wp\/v2\/users\/1"}],"replies":[{"embeddable":true,"href":"https:\/\/misiuro.eu\/index.php?rest_route=%2Fwp%2Fv2%2Fcomments&post=77"}],"version-history":[{"count":1,"href":"https:\/\/misiuro.eu\/index.php?rest_route=\/wp\/v2\/pages\/77\/revisions"}],"predecessor-version":[{"id":78,"href":"https:\/\/misiuro.eu\/index.php?rest_route=\/wp\/v2\/pages\/77\/revisions\/78"}],"wp:attachment":[{"href":"https:\/\/misiuro.eu\/index.php?rest_route=%2Fwp%2Fv2%2Fmedia&parent=77"}],"curies":[{"name":"wp","href":"https:\/\/api.w.org\/{rel}","templated":true}]}}